True
Does 60 divide 210034?
False
Is 800 a factor of 152802?
False
Does 25 divide 6429850?
True
Does 52 divide 88660?
True
Is 44768 a multiple of 16?
True
Is 32 a factor of 6606761?
False
Is 69050 a multiple of 25?
True
Does 137 divide 110285?
True
Is 86 a factor of 9546?
True
Is 14008 a multiple of 2?
True
Is 7211842 a multiple of 191?
False
Is 217464 a multiple of 52?
True
Is 831992 a multiple of 664?
True
Is 97 a factor of 5949107?
True
Is 44452 a multiple of 3?
False
Does 19 divide 18981?
True
Is 952 a factor of 6662723?
False
Does 6 divide 2952251?
False
Is 118 a factor of 7144291?
False
Is 1667435 a multiple of 305?
True
Is 77848 a multiple of 8?
True
Is 26 a factor of 589682?
False
Is 33 a factor of 527670?
True
Is 215 a factor of 416455?
True
Is 13836 a multiple of 2?
True
Does 102 divide 47226?
True
Does 3 divide 408822?
True
Is 22 a factor of 37928?
True
Is 15864 a multiple of 8?
True
Is 75 a factor of 5309387?
False
Is 51 a factor of 863073?
True
Does 10 divide 1566920?
True
Does 58 divide 50576?
True
Does 2 divide 51462?
True
Is 249 a factor of 76692?
True
Is 938960 a multiple of 44?
True
Is 20 a factor of 10637756?
False
Does 52 divide 649508?
False
Is 969 a factor of 13959678?
False
Is 447 a factor of 3345354?
False
Does 50 divide 136210?
False
Is 1448601 a multiple of 18?
False
Does 135 divide 1390770?
True
Is 5982035 a multiple of 15?
False
Is 71 a factor of 1117043?
True
Is 158 a factor of 782207?
False
Is 128 a factor of 34240896?
True
Is 35 a factor of 2370900?
True
Is 14 a factor of 35583044?
True
Does 8 divide 20597640?
True
Is 16 a factor of 59072?
True
Does 63 divide 52353?
True
Is 22584296 a multiple of 392?
True
Is 1657454 a multiple of 75?
False
Does 13 divide 1066221?
True
Is 29 a factor of 27473?
False
Does 484 divide 1631919?
False
Does 54 divide 79702?
False
Does 78 divide 1328116?
False
Is 3460938 a multiple of 135?
False
Is 43 a factor of 3924295?
False
Does 986 divide 944766?
False
Is 553 a factor of 4426951?
False
Is 1021146 a multiple of 123?
True
Does 154 divide 2852144?
False
Is 183 a factor of 107841?
False
Is 500 a factor of 12629000?
True
Is 221500 a multiple of 5?
True
Does 62 divide 205343?
False
Is 540 a factor of 17490653?
False
Does 34 divide 135125?
False
Is 160705 a multiple of 45?
False
Is 5 a factor of 81112?
False
Is 48674 a multiple of 38?
False
Is 1226 a factor of 7235852?
True
Does 17 divide 1726674?
False
Is 226390 a multiple of 179?
False
Is 8 a factor of 3564?
False
Is 26203 a multiple of 4?
False
Is 255538 a multiple of 3?
False
Is 8 a factor of 148584?
True
Is 1194 a factor of 8801678?
False
Is 8 a factor of 586923?
False
Does 22 divide 20865?
False
Does 26 divide 5076240?
True
Is 6 a factor of 411426?
True
Does 783 divide 1768436?
False
Is 490 a factor of 2159920?
True
Is 2264199 a multiple of 49?
False
Does 93 divide 2387961?
True
Does 68 divide 630564?
True
Does 116 divide 189817?
False
Is 14023073 a multiple of 125?
False
Does 18 divide 75380?
False
Does 489 divide 1514379?
False
Does 209 divide 151734?
True
Is 3089448 a multiple of 12?
True
Is 33 a factor of 56364?
True
Is 9 a factor of 76044?
False
Is 22195 a multiple of 5?
True
Is 170205 a multiple of 105?
True
Is 5 a factor of 7079?
False
Is 3336372 a multiple of 234?
True
Does 5 divide 46945?
True
Is 3365810 a multiple of 10?
True
Is 360413 a multiple of 203?
False
Is 28 a factor of 82852?
True
Is 482508 a multiple of 18?
True
Is 17082604 a multiple of 28?
True
Does 420 divide 241080?
True
Is 22 a factor of 385517?
False
Is 29 a factor of 806055?
True
Does 170 divide 989060?
True
Does 21 divide 854274?
False
Is 44 a factor of 188936?
True
Is 42 a factor of 8760486?
True
Does 12 divide 41992?
False
Does 17 divide 64804?
True
Does 32 divide 126784?
True
Is 19 a factor of 8485722?
False
Is 10981758 a multiple of 16?
False
Is 583 a factor of 33618?
False
Does 9 divide 27792?
True
Does 239 divide 3687776?
False
Does 112 divide 393568?
True
Does 8 divide 378104?
True
Is 18705137 a multiple of 1727?
True
Is 14 a factor of 80096?
False
Is 105251 a multiple of 40?
False
Is 12587015 a multiple of 203?
True
Does 12 divide 233556?
True
Does 3 divide 632214?
True
Is 7211643 a multiple of 74?
False
Is 53256 a multiple of 1036?
False
Is 13 a factor of 13025?
False
Does 695 divide 4170?
True
Is 252 a factor of 349776?
True
Does 36 divide 441766?
False
Is 1418600 a multiple of 173?
True
Is 3317568 a multiple of 111?
True
Is 7504 a multiple of 67?
True
Is 62 a factor of 385144?
True
Does 31 divide 466874?
False
Is 41463 a multiple of 17?
True
Is 1668663 a multiple of 111?
True
Is 21942972 a multiple of 12?
True
Does 238 divide 65926?
True
Does 7 divide 157185?
True
Does 11 divide 1083896?
True
Is 310030 a multiple of 148?
False
Does 433 divide 187250?
False
Is 148 a factor of 3848?
True
Is 10396199 a multiple of 224?
False
Is 36960 a multiple of 24?
True
Is 132 a factor of 329378?
False
Does 67 divide 10615431?
False
Does 51 divide 136605?
False
Does 21 divide 19047?
True
Is 36 a factor of 372780?
True
Is 1309500 a multiple of 194?
True
Is 5 a factor of 1327483?
False
Does 5 divide 152480?
True
Is 1127 a factor of 3210962?
False
Does 1643 divide 7418145?
True
Is 147664 a multiple of 484?
False
Is 291653 a multiple of 84?
False
Does 13 divide 13821?
False
Is 161 a factor of 152789?
True
Does 3 divide 60852?
True
Is 48 a factor of 126233?
False
Is 90 a factor of 12420?
True
Is 375 a factor of 2186250?
True
Is 71 a factor of 178087?
False
Is 207 a factor of 1234348?
False
Is 20975 a multiple of 2?
False
Does 50 divide 161359?
False
Is 624105 a multiple of 80?
False
Is 13 a factor of 4057941?
False
Does 15 divide 4780494?
False
Does 22 divide 113344?
True
Does 18 divide 21064?
False
Does 513 divide 845424?
True
Is 28 a factor of 3493560?
True
Is 11919195 a multiple of 45?
True
Is 83 a factor of 76214?
False
Is 6058 a multiple of 8?
False
Is 771048 a multiple of 12?
True
Is 840893 a multiple of 6?
False
Is 26401 a multiple of 2?
False
Is 251 a factor of 14066399?
False
Does 106 divide 556924?
True
Is 8 a factor of 120720?
True
Is 327 a factor of 110853?
True
Does 39 divide 8202652?
False
Is 54 a factor of 942084?
True
Does 182 divide 449144?
False
Is 72618 a multiple of 39?
True
Is 249306 a multiple of 49?
False
Is 8 a factor of 152888?
True
Is 114 a factor of 1881683?
False
Does 11 divide 165561?
True
Is 12 a factor of 154318?
False
Does 59 divide 945416?
True
Does 159 divide 10291593?
True
Does 640 divide 1813363?
False
Is 3104848 a multiple of 41?
True
Does 6 divide 6252?
True
Does 18 divide 512352?
True
Is 8 a factor of 83584?
True
Is 93072 a multiple of 21?
True
Does 4 divide 76572?
True
Is 746 a factor of 1657526?
False
Is 26 a factor of 165094?
False
Does 460 divide 1127920?
True
Does 49 divide 33663?
True
Does 26 divide 96174?
True
Does 1585 divide 119806?
False
Does 247 divide 96824?
True
Is 220664 a multiple of 97?
False
Does 415 divide 116615?
True
Is 2 a factor of 1478672?
True
Is 8540445 a multiple of 17?
False
Does 271 divide 248147?
False
Is 35 a factor of 163800?
True
Is 8863650 a multiple of 25?
True
Does 2 divide 3931?
False
Is 38664 a multiple of 8?
True
Is 18523872 a multiple of 144?
True
Is 683 a factor of 61470?
True
Does 95 divide 334400?
True
Does 7 divide 137057?
False
Is 7 a factor of 41454?
True
Is 336888 a multiple of 8?
True
Is 709205 a multiple of 805?
True
Is 21 a factor of 399?
True
Is 19806310 a multiple of 143?
False
Does 172 divide 1686506?
False
Is 61 a factor of 47519?
True
Is 11 a factor of 20449?
True
Does 29 divide 2408334?
True
Does 94 divide 42703?
False
Does 63 divide 4078?
False
Is 5840692 a multiple of 44?
True
Is 56 a factor of 13832?
True
Is 97 a factor of 4493?
False
Is 9 a factor of 80871?
False
Is 5 a factor of 57695?
True
Is 318144 a multiple of 8?
True
Is 1317640 a multiple of 10?
True
Is 114 a factor of 134634?
True
Does 202 divide 146426?
False
Is 4 a factor of 64953?
False
Is 37418 even?
True
Is 111105 a multiple of 135?
True
Does 7 divide 82926?
False
Does 23 divide 365681?
False
Does 18 divide 10440?
True
Does 41 divide 90513?
False
Is 3472123 a multiple of 40?
False
Is 70 a factor of 218018?
False
Does 9 divide 2108325?
False
Is 22 a factor of 1440723?
False
Is 5 a factor of 353258?
False